k.
2
Let c(u) = -u + 10. Let y be c(-7). Suppose -3*w + 17 = -5*a - 6, -3*a = w - 3. Suppose w*l - 224 = 286. Calculate the greatest common divisor of l and y.
17
Suppose 2*d - 20 = 3*a, -a = 6*d - 2*d - 12. Let i be a - (-2 + 3 - -3). Let s = i - -9. What is the highest common factor of s and 7?
1
Suppose 98 + 238 = 4*g. Suppose c = -0*c + g. Suppose -3*y + 5*b + 63 = 0, -2*y - 4*b + 42 = -0*y. What is the greatest common factor of y and c?
21
Let u be 0/(1/1) - 12. Let g = -3 - u. What is the highest common divisor of 63 and g?
9
Suppose 14 = 5*j - 36. Suppose y + 205 = 2*p, -2*y - j = -0. What is the greatest common factor of p and 20?
20
Suppose 0 = -4*u + 2*k + 18, 3*k = -3*u + 6*k + 18. Suppose -3*i + 42 = -u*o, 3*i - 2 = 4*o + 38. What is the greatest common divisor of 112 and i?
16
Let g be (8/6)/((-4)/(-378)). Let q(s) = -s**3 - 4*s**2 - 5*s - 4. Let p be q(-4). Suppose -13*t + p*t = 54. Calculate the highest common divisor of g and t.
18
Let n(t) = -t**2 + 35*t + 431. Let k be n(39). What is the greatest common factor of 11 and k?
11
Suppose -d - 1 = 0, -3*f - 2*d = -84 + 35. Calculate the highest common divisor of 323 and f.
17
Suppose -589 = 38*h + 2033. Suppose 0 = 4*k + 3*w + 147, -k + 21 = 3*w + 69. Let r = k - h. What is the highest common divisor of r and 90?
18
Let u be 20/2*(-1)/2. Suppose 3*r + 21 = 6*r. Let g = r + u. Calculate the highest common factor of 14 and g.
2
Suppose o + 13 - 1 = 5*t, 12 = -t + 5*o. Suppose 2*s - t*s - x + 46 = 0, x + 80 = 2*s. Calculate the highest common factor of 28 and s.
14
Let t(w) = 150*w**2 - 9*w + 9. Let n be t(1). Calculate the greatest common factor of 270 and n.
30
Suppose 3*m + z + 504 = -2*z, -2*m - 3*z = 338. Let y = -90 - m. Let t be 1/(3 - y/26). What is the highest common factor of t and 52?
13
Let w = 247 + -167. Calculate the highest common factor of 10 and w.
10
Let y be (242 - 11) + 18/6. Let a = -61 - -87. What is the greatest common factor of a and y?
26
Let z be (-72 + 75)*(-1)/(-3). What is the highest common divisor of 32 and z?
1
Let f = -7 - -64. Suppose -3*k - 2*k = 0, 3*k = -3*m + f. Calculate the highest common divisor of m and 57.
19
Let k be ((-288)/(-56))/((-1)/(-7)). Suppose -7*l - 3*a + k = -3*l, a - 36 = -4*l. What is the greatest common divisor of l and 45?
9
Suppose 5*v - 212 = -4*n, -5*v + 10*v - 2*n - 194 = 0. Calculate the highest common factor of 92 and v.
4
Let y(q) = 8*q. Let c be y(-1). Let f be 4/c*(-2 - 4). Suppose 3*z - a = 14, 5*a + 10 = -f*z - 2*z. What is the highest common divisor of 1 and z?
1
Let m be (-36)/15*(-135)/18. Calculate the greatest common divisor of 30 and m.
6
Let m be (-1)/(-4) - 5/4. Let y be 1*-6*(-1 + m). Let l be 20/8*(-24)/(-10). Calculate the greatest common factor of y and l.
6
Suppose 5*l - 287 = 2*n + 667, -766 = -4*l + 3*n. Suppose -3*d - 380 = -4*z, 3*d - l = -2*z + 2*d. What is the highest common factor of z and 38?
19
Let b = 4 - 6. Let i be (-4)/b + -2 + 70. Let q = 16 + -2. Calculate the greatest common factor of i and q.
14
Let i(y) = y**2 - 15*y + 37. Let c be i(15). Calculate the highest common factor of c and 481.
37
Let h = 321 + -288. Calculate the greatest common factor of h and 264.
33
Let x = 1581 + -1570. What is the greatest common factor of 352 and x?
11
Suppose 5*d - 26 = 2*m, 2*d - 4*m + 3 = 7. Calculate the highest common factor of 42 and d.
6
Let n(g) = -g. Let p(u) = -6*u. Let k(s) = -10*n(s) + 2*p(s). Let y be k(-11). Calculate the highest common factor of 176 and y.
22
Suppose -5*q + 153 = 53. Suppose -2560 = 6*o - 2680. What is the greatest common divisor of q and o?
20
Suppose 3*n = -0*n. Suppose 3*u - 2*u + 3 = n. Let x be u/(-6)*(13 + -1). Calculate the highest common divisor of x and 66.
6
Suppose -5 = o + 28. Let a be 6/o - 48/(-22). Suppose -a*b - 3*b + 20 = 0. Calculate the greatest common factor of 20 and b.
4
Let v(i) = i - 1. Let b be v(-2). Let a(f) = 2*f**2 - 3*f - 3. Let g be a(b). What is the greatest common divisor of 96 and g?
24
Suppose 12 = 4*s + 2*s. Suppose -s*y + 3*g = 8*g - 26, -2*y - 3*g + 22 = 0. Calculate the greatest common factor of y and 72.
8
Let o(j) = 5*j - 13. Let y be o(5). Suppose -4*k - 316 = -3*f - 2*k, -5*f + 2*k + 532 = 0. What is the highest common factor of y and f?
12
Let o = -35 + 94. Suppose -w + 2 = 0, 5*p - 3*w = o + 25. Calculate the greatest common divisor of p and 27.
9
Let p = 34 + -32. Let h be (8 - 3) + 1*-2. Suppose h*s = 4*i + 48, -2*s + s + 3*i + 16 = 0. Calculate the highest common divisor of s and p.
2
Let d be (-7)/(-14)*2*51. Calculate the greatest common divisor of d and 51.
51
Let k be 24/28*-1*1680/(-10). Calculate the greatest common factor of 180 and k.
36
Let o(y) = -63*y + 28. Let k be o(-4). What is the highest common factor of 20 and k?
20
Let q = 29 + -12. Let h = -25 + q. Let d be ((-2)/4)/(1/h). Calculate the highest common factor of d and 32.
4
Let p be 0 - -3 - (-1 - 1). Let k be 1 - 48 - (4 - p). Let l = 54 - k. What is the greatest common factor of l and 20?
20
Suppose -w + 4*x = -33, 4*x + 27 = w + 3*x. What is the highest common factor of w and 5?
5
Let j = -57 + 174. Let u be -2*(-2)/(-4) + 14. Calculate the greatest common divisor of u and j.
13
Suppose -3*k = -3*p + 51, -5*p + 16 + 29 = -3*k. Let y be 5/k - (-226)/8. Calculate the greatest common factor of y and 14.
14
Suppose 0 = 5*q, q + q = h - 44. Calculate the highest common factor of 33 and h.
11
Let t(n) = -n**2 + 16*n + 276. Let m be t(22). Calculate the greatest common factor of m and 384.
48
Suppose -4*y - 13 = -3*j, 3*y - 48 = 2*j - 5*j. Suppose -11 = -o - 4*c, 2*o - j*c = -13*c + 46. What is the greatest common factor of 9 and o?
9
Suppose 4*y - 224 = -3*r, 5*y + 2*r + 3 = 283. Let a be 0 - (3 + -76) - 3. Let h = a + -62. Calculate the greatest common divisor of y and h.
8
Let a = -1503 - -1542. What is the greatest common factor of a and 1911?
39
Suppose 13*f = 38*f - 325. What is the highest common factor of f and 767?
13
Let o = -1703 + 1871. What is the greatest common divisor of o and 182?
14
Suppose 4*s + s - 15 = 0. Suppose 0 = -4*p - 2*j + 150, -21 = -p + 8*j - s*j. Calculate the greatest common factor of 54 and p.
18
Let q = -368 - -647. Calculate the greatest common divisor of q and 31.
31
Let h(v) = v**3 - 9*v**2 + 10*v + 12. Let x be (-2)/(-6) - (28/(-6) + -3). Let w be h(x). Calculate the greatest common factor of w and 14.
14
Let q be (-4)/20 - (-32)/10. Suppose -q*d = 2*n - 6*n + 97, 2*d - 2 = 0. What is the greatest common divisor of n and 5?
5
Suppose -74*a = -50*a - 18744. What is the greatest common factor of a and 71?
71
Let l(p) = -3*p + 14. Let n be l(9). Let t be (4 + -1)*20/30. Let k be t/(-8) + n/(-4). Calculate the greatest common factor of k and 15.
3
Let s be 539/22 + (-1)/2. Let z(l) = -l**3 + 25*l**2 - 23*l - 21. Let m be z(s). What is the highest common divisor of 39 and m?
3
Suppose 0 = 27*g - 22*g - 170. Let p be -2 + (g - 4) - 4. What is the greatest common divisor of p and 60?
12
Let w = -14 + 16. Suppose w*u - 406 = -5*a, 2*u = -2*u + 5*a + 812. Suppose -2*m + u = 5. What is the highest common factor of 9 and m?
9
Suppose -5*z + 3*r - 47 = -7*z, -3*r = -5*z + 149. Suppose v = -7 + z. What is the highest common factor of 14 and v?
7
Let i be (12/(-8))/(2/(-4)). Suppose 5 + 1 = i*j. Suppose -o - 64 = -j*o. What is the greatest common factor of o and 8?
8
Suppose 0 = s + 3*o - 88 - 54, -s + 3*o = -148. Suppose -5*c = -s + 45. Let t = 19 - -1. What is the greatest common factor of t and c?
20
Let z(t) = -t**3 + 8*t**2 - 6*t + 9. Let c be z(3). What is the highest common factor of 27 and c?
9
Let b be (-72)/168 + (-612)/(-7). Calculate the highest common divisor of 116 and b.
29
Let m = -14 - -79. Suppose -s = 4*s - m. What is the greatest common factor of 104 and s?
13
Suppose -k = 4*k + 25, 28 = h + 3*k. Suppose 342 = -34*o + h*o. What is the greatest common factor of o and 95?
19
Let x(d) = -d**3 - 4*d**2 - 5*d - 21. Let b be x(-6). What is the highest common divisor of 459 and b?
27
Let m be (20/(-6))/((-4)/(-30)). Let k = 47 + m. What is the highest common factor of 22 and k?
22
Suppose -243 - 417 = -4*q. Suppose l - 5*l + 72 = 0. Let x = -3 + l. What is the highest common factor of x and q?
15
Let h be (2 - 4)*(-3